s the units digit of o?
3
Suppose d = -4*h + 1187, -5*h - 4*d + 1568 = 76. Suppose -3*r + h = -l, 3*l = 5*r - 484 - 12. What is the tens digit of r?
9
Let t = -1097 - -1010. What is the tens digit of -110*t*(-1)/(-6)?
9
Suppose 0 = 6*m - 1183 - 14717. Let c = -1729 + m. What is the units digit of c?
1
Let o be (-213)/355 - (0 - 5736/10). Suppose -o = -2*v + 507. What is the hundreds digit of v?
5
Suppose 0 = 2*m - 5*w - 20425, -m + w - 4987 = -15192. What is the ten thousands digit of m?
1
Suppose 4*w = -3*j + 653, 4*j - 7*j = -5*w - 635. Suppose j = -3*t + 8*t. What is the tens digit of t?
4
What is the thousands digit of (497930/(-18))/(-17) + 4/(-18)?
1
Let n = -31 - -27. What is the hundreds digit of (-4830)/(-48) - n/(32/3)?
1
Suppose -25*p + 55346 = -391804. What is the tens digit of p?
8
Let f(h) = h**3 - 20*h**2 - 44*h - 53. Let b be f(22). What is the units digit of 50 + b - (-1122)/(1*2)?
8
Suppose -5*i + 27963 = 4*m, -2*i - 7*m + 11186 = -5*m. What is the thousands digit of i?
5
Let x(g) = 3*g**3 - 27*g**2 + 40*g - 18. What is the tens digit of x(20)?
8
Suppose -5*a + 10*a + 162456 = 4*u, -4*a = 2*u - 81176. What is the units digit of u?
4
Let a = -5 + 321. Suppose -49 + a = l. What is the units digit of l?
7
Suppose -60*x + 55*x + 180 = 0. Suppose 214*y + x = 217*y. What is the tens digit of y?
1
Suppose 2*z = z + 3*z. Suppose -29*r + 11*r + 22896 = z. What is the tens digit of r?
7
Suppose -4*c - 3*t + 136183 = 0, -4*c + 136163 = 26*t - 27*t. What is the ten thousands digit of c?
3
Let z be -2 - (-4 - -4 - 0). Let w be ((-36)/(-27))/(z/2220). What is the units digit of w/(-18) - (-10)/(-45)?
2
What is the units digit of (1 + 287)/(-16)*(-2878)/4?
1
Let q be (69 - 53)/(0 - 1/(-2)). Let a = 376 - q. Suppose 12*z - a - 2092 = 0. What is the tens digit of z?
0
Suppose -2845335 - 570 = -219*r. What is the ten thousands digit of r?
1
Suppose -20 = 4*m, 0 = 92*t - 88*t + 4*m - 80252. What is the hundreds digit of t?
0
Suppose 233*w - 6065 - 7449 = 0. Let f(s) = 53*s + 1. Let i be f(1). Suppose r + 3*q - i = 0, 2*r + 2*q = -w + 186. What is the units digit of r?
9
Suppose -2*y + k = -67, 2*y = 4*y - 3*k - 65. Suppose 81 = -5*h - y. Let p = h + 55. What is the tens digit of p?
3
Let o be -10*-6*4/(-48)*-1. Suppose 2*y = -6*a + o*a + 2337, 2327 = 2*y + 3*a. What is the hundreds digit of y?
1
Let s = 41 + -40. Let c be 15/3 + -3 + 1 + s. Suppose 0 = -p, -c*b - b + 40 = 3*p. What is the units digit of b?
8
Let x(w) = -6*w**2 + 5*w - 4. Let s be x(-3). Let k = s + 31. Let a = 65 - k. What is the tens digit of a?
0
Suppose 2*o - 16910 = -3*v, 20*o - 21*o + 28188 = 5*v. What is the hundreds digit of v?
6
Let b(x) = 16*x - 13. Let i be b(1). Suppose 20*z - 15*z + 484 = c, 0 = 5*c - i*z - 2486. What is the tens digit of c?
9
Let g(o) = 262*o**2 + 3*o - 1. Let a(q) = 5*q - 19. Let x be a(4). Let z be g(x). What is the hundreds digit of ((-6)/4)/((-3)/z)?
1
Suppose -4*q = -5*q - 21. Let f = q - -25. Suppose -6*d = -f*d - 170. What is the units digit of d?
5
Suppose -3*k + 541 = -5*x, -3 + 0 = -3*x. Let d = 182 + k. What is the units digit of d?
4
Let v(r) = -r**2 - 14*r - 26. Let n be v(-11). Let i(d) = -2*d + 16. Let u be i(n). Suppose -170 = -4*y - 5*l, y + l - 39 = -u*l. What is the units digit of y?
5
Let q(k) = -k**3 - 18*k**2 - 2*k - 39. Let j be q(-19). Let t = -98 + j. What is the units digit of t?
2
Let i be (-53)/(6 + (-4535)/755). Suppose 17*k - i = -727. What is the units digit of k?
8
Suppose 0 = 4*q + 3*q - 441. Let b = q - 58. Suppose -11*i + 876 = -b*i. What is the units digit of i?
6
Let o = 71 - 71. Suppose -11 = -q - 5*a - o, -5*q = -5*a - 25. Suppose 0 = q*y - 439 - 911. What is the tens digit of y?
2
Suppose -82*x - 40*x - 532829 + 3281245 = 0. What is the ten thousands digit of x?
2
Let m = -113 + 233. What is the hundreds digit of (-2)/7 - -23*m/7?
3
Let z be 2430/4 - (-11)/22. Suppose -2*t + 4*j + z = 0, -5*j - 142 = -3*t + 768. What is the units digit of t?
0
Suppose -9*y - 500 = -6*y + 4*r, 0 = 5*y - r + 841. What is the tens digit of (8 - 7) + (-1 - y)?
6
Let z(j) = -22*j**3 - 2*j**2 + 2*j - 2. Let k be z(1). Let n = 61 - k. What is the tens digit of n?
8
Let h = 186 + -3. Suppose -h = -15*d + 19542. What is the tens digit of d?
1
Let l = 258 - 253. Suppose 4*x = l*s - 10*s + 3884, 4*s - 3107 = -3*x. What is the hundreds digit of s?
7
What is the tens digit of 1 + 6011 - ((-10)/4)/(130/(-208))?
0
Suppose 4 = l, 15 - 1 = p + 4*l. Let r be 4 - (p + (4 - 99)). Suppose -5*m + 2*f = -r, 0*m - 2*f + 25 = m. What is the units digit of m?
1
Let p(n) = -179*n**3 + 2*n**2 - 1. Let x be p(-1). Let k be (-256)/(-14) + (-3 - 152/(-56)). Let y = k + x. What is the tens digit of y?
9
Let k = 42225 - 16725. What is the thousands digit of k?
5
Suppose -5*q + 123975 = -4*z - 119624, -2*q + 97499 = 5*z. What is the hundreds digit of q?
7
Let j(s) = s**3 - 14*s**2 + 2*s - 4. Let h be j(14). What is the units digit of (2610/h)/(21/112)?
0
Let q(p) = -27*p - 53. Let g(v) = -v**2 + 55*v + 105. Let a(h) = -2*g(h) - 5*q(h). What is the tens digit of a(-14)?
9
Suppose 330*l - 275*l = 805310. What is the thousands digit of l?
4
Suppose -18*g + 7*g = -2904. Suppose -14*m + g = -6*m. What is the tens digit of m?
3
Let z(b) = b**2 + 10*b + 18. Let r be z(-10). Let p = r + -24. What is the hundreds digit of (2000/6)/2 + (-8)/p?
1
Let k be (3 - -1)/(4/7). Let w be ((-78528)/42)/(-8) + 2/k. Suppose 6*n = 9*n - w. What is the tens digit of n?
7
Let v(s) be the first derivative of -33*s**2 + 7*s + 1. Suppose 4*o = -6*u + 2*u + 8, -4*u + 10 = 3*o. What is the hundreds digit of v(o)?
1
Suppose 4*o - 78829 = 5*y, 0 = 33*o - 38*o - 5*y + 98570. What is the hundreds digit of o?
7
What is the units digit of -46 + 38 - 3/(30/1345)*-188?
8
Let g be -1 - -2 - (10 - 10). Let h be 69 + g + (0 - (1 - -1)). Suppose -2*v + 190 = -5*k, -v + h = -5*k - 32. What is the units digit of v?
0
Suppose -2*y = -5*d - 160, 146 = -0*y + 2*y + 2*d. Suppose -y = -2*a - 77. What is the units digit of 116 + (4 - (-4)/a)?
6
Let j = 43 - 41. Let b be 2/j*(-34 + -13). Let l = 125 + b. What is the units digit of l?
8
Let k be -130*(8/(-24) + 34/30). Let i(m) = -m**2 - 4*m - 3. Let r be i(5). Let g = r - k. What is the units digit of g?
6
Let k(s) = -s + 4. Let n be k(2). Suppose 0 = 5*o + r - 1618, -5*r = n*o + 3*o - 1610. What is the hundreds digit of o?
3
Let v(w) = -13*w**3 - 3*w**2 - 38*w + 92. Let m(d) = 29*d**3 + 7*d**2 + 77*d - 183. Let b(i) = 6*m(i) + 13*v(i). What is the hundreds digit of b(3)?
1
Let d(t) = 129*t**2 + 8. Let a be d(-4). Suppose -a = -0*k - 7*k. What is the tens digit of k?
9
Suppose 5*u = -3*s - 40, -3*s - 11 = 4*u + 24. Let z be (42/5 - (-2)/u) + 2. What is the hundreds digit of (2152/20 - 0) + 4/z?
1
Let q(r) be the second derivative of 11*r**4/12 + 11*r**3/6 + 5*r**2/2 + 5*r. What is the hundreds digit of q(-5)?
2
Let i(s) = -s**3 - s - 2. Let o be i(0). Let m be (-2314)/(-22) + o/11. Suppose -3*v = 4*v - m. What is the units digit of v?
5
Suppose -76*p + 30260 = -72*p. What is the hundreds digit of p?
5
Let k be 1025 - 9/18*-4. Suppose -k = -o + 18. What is the units digit of o?
5
Let k = 6 + -8. Let p be (28/112)/(k/(-32)). Suppose 130 + 58 = p*s. What is the tens digit of s?
4
What is the units digit of (-280)/(-105)*(-45)/70*(-26922)/4?
8
Let p be 2 - (-5248)/(-1 + -3). Let d = p - -2035. What is the units digit of d?
5
What is the ten thousands digit of 133/57 - (1 + (-139218)/9)?
1
Suppose 23722 = 3*u + 5*q, -5*u + 3*q + 10756 = -28758. What is the thousands digit of u?
7
Let n = 26192 - 19155. What is the units digit of n?
7
Suppose -7*r = -4019 - 7979. Suppose 0 = 3*k - u - r, -4*k = -k + u - 1706. What is the hundreds digit of k?
5
Let h(c) = 104*c - 4238. What is the thousands digit of h(120)?
8
Let o(a) = -a**3 - 16*a**2 + 17*a + 44. Let g be o(-17). Let j be 4/6*(1 + 2). Suppose -n - 3*i = -34, n - j*n - 5*i + g = 0. What is the tens digit of n?
1
What is the units digit of 2908/(-18902) + 1/(26/580844)?
0
Let n(c) = -155*c**3 + 2*c**2 + 11*c - 98. What is the hundreds digit of n(-5)?
2
Suppose 0 = -671*v + 670*v + 2*z + 27186, -v - 2*z + 27178 = 0. What is the units digit of v?
2
Let c be (1 + 5/(-3))*(-67800)/(-400). Let o = -396 - -188. Let r